of 105525318?
2, 3, 743, 23671
List the prime factors of 4067662.
2, 47, 109, 397
What are the prime factors of 30332139?
3, 751, 13463
What are the prime factors of 3724161154?
2, 7, 71, 3746641
What are the prime factors of 1851330189?
3, 19, 83, 113, 3463
List the prime factors of 20651580.
2, 3, 5, 31, 3701
What are the prime factors of 20146328?
2, 2518291
What are the prime factors of 1544919176?
2, 1381, 139837
List the prime factors of 160653820.
2, 5, 8032691
What are the prime factors of 149880868?
2, 2699, 13883
What are the prime factors of 4780173621?
3, 6491, 245477
What are the prime factors of 80498470?
2, 5, 13, 307, 2017
What are the prime factors of 204037025?
5, 23, 354847
What are the prime factors of 23547094?
2, 47, 250501
What are the prime factors of 1789446819?
3, 307, 1942939
What are the prime factors of 523348922?
2, 757, 345673
List the prime factors of 875671955.
5, 17, 229, 44987
List the prime factors of 50918210.
2, 5, 7, 97, 7499
What are the prime factors of 172889996?
2, 29, 83, 17957
What are the prime factors of 4319419083?
3, 7, 307, 669989
What are the prime factors of 479145509?
163, 2939543
List the prime factors of 7199938.
2, 3599969
List the prime factors of 2240280640.
2, 5, 13, 538529
List the prime factors of 23773024.
2, 11, 67537
List the prime factors of 260391327.
3, 7, 47, 263821
What are the prime factors of 186685618?
2, 7, 23, 43, 97, 139
What are the prime factors of 50162902?
2, 743, 33757
List the prime factors of 663674175.
3, 5, 41, 23981
List the prime factors of 818462469.
3, 11, 24801893
What are the prime factors of 60125636?
2, 79, 190271
What are the prime factors of 161800306?
2, 80900153
What are the prime factors of 62022640?
2, 5, 137, 5659
List the prime factors of 1565956604.
2, 391489151
What are the prime factors of 1386220676?
2, 31, 11179199
What are the prime factors of 63524576?
2, 67, 29629
List the prime factors of 511336.
2, 7, 23, 397
List the prime factors of 272852096.
2, 11, 79, 223
List the prime factors of 3588336464.
2, 2677, 83777
What are the prime factors of 898795298?
2, 751, 598399
What are the prime factors of 39648276?
2, 3, 1101341
What are the prime factors of 95714439?
3, 127, 251219
List the prime factors of 54011837.
11, 829, 5923
List the prime factors of 1125910920.
2, 3, 5, 227, 41333
List the prime factors of 142897296.
2, 3, 47, 97, 653
List the prime factors of 195146187.
3, 65048729
What are the prime factors of 1565734275?
3, 5, 7, 43, 61, 379
What are the prime factors of 51970934?
2, 1931, 13457
What are the prime factors of 98441295?
3, 5, 6562753
What are the prime factors of 71152428?
2, 3, 29, 204461
List the prime factors of 603439896.
2, 3, 25143329
What are the prime factors of 115134677?
7, 223, 73757
List the prime factors of 19132591.
977, 19583
What are the prime factors of 415765356?
2, 3, 239, 144967
List the prime factors of 254767655.
5, 1051, 48481
List the prime factors of 156092179.
2797, 55807
What are the prime factors of 292201652?
2, 73050413
What are the prime factors of 111454850?
2, 5, 13, 171469
What are the prime factors of 1670560559?
13537, 123407
What are the prime factors of 1003885875?
3, 5, 743, 1201
List the prime factors of 843689879.
843689879
List the prime factors of 62615254.
2, 13, 2408279
List the prime factors of 4458201333.
3, 1741, 853571
What are the prime factors of 100752944?
2, 6297059
List the prime factors of 312400358.
2, 2213, 70583
List the prime factors of 28702459.
23, 137, 9109
List the prime factors of 294550735.
5, 449, 131203
What are the prime factors of 1730199422?
2, 7, 677, 182549
List the prime factors of 47026726.
2, 17, 1383139
What are the prime factors of 19322935?
5, 3864587
What are the prime factors of 35952569?
17, 2114857
What are the prime factors of 815338255?
5, 167, 976453
List the prime factors of 579575889.
3, 64397321
What are the prime factors of 332679850?
2, 5, 227, 29311
List the prime factors of 251634048.
2, 3, 613, 1069
List the prime factors of 126952412.
2, 31738103
List the prime factors of 1108288897.
8803, 125899
What are the prime factors of 442523408?
2, 1931, 14323
What are the prime factors of 54587430?
2, 3, 5, 606527
What are the prime factors of 953842045?
5, 13, 29, 71, 7127
What are the prime factors of 216088409?
41, 5270449
What are the prime factors of 37782814?
2, 89, 233, 911
What are the prime factors of 45183582?
2, 3, 278911
List the prime factors of 502885427.
11, 45716857
List the prime factors of 1565743957.
41, 2333, 16369
What are the prime factors of 36494884?
2, 9123721
What are the prime factors of 116171757?
3, 13, 19, 52259
List the prime factors of 93513528.
2, 3, 144311
List the prime factors of 3910770239.
14887, 262697
What are the prime factors of 649308779?
7, 92758397
What are the prime factors of 29381888?
2, 114773
What are the prime factors of 62794748?
2, 1193, 13159
List the prime factors of 380187624.
2, 3, 61, 259691
What are the prime factors of 640096129?
127, 5040127
List the prime factors of 12618984.
2, 3, 7, 31, 2423
What are the prime factors of 872343278?
2, 2851, 152989
What are the prime factors of 29687676?
2, 3, 109, 22697
What are the prime factors of 230705883?
3, 1979, 12953
What are the prime factors of 3703167464?
2, 462895933
What are the prime factors of 200446353?
3, 37, 283, 709
What are the prime factors of 204710679?
3, 71, 106787
List the prime factors of 400284844.
2, 1319, 75869
List the prime factors of 1730091785.
5, 17, 3253, 6257
List the prime factors of 102309902.
2, 51154951
List the prime factors of 3485032736.
2, 108907273
What are the prime factors of 64610341?
5261, 12281
List the prime factors of 210052766.
2, 7, 11, 1363979
List the prime factors of 8926904833.
7, 11, 17, 619967
List the prime factors of 146068242.
2, 3, 601, 40507
What are the prime factors of 354992007?
3, 6389, 18521
What are the prime factors of 242680816?
2, 7, 29, 74717
What are the prime factors of 662780853?
3, 7, 17, 206281
List the prime factors of 220562089.
11, 19, 1055321
What are the prime factors of 33321453?
3, 11, 1009741
What are the prime factors of 40610973?
3, 13, 1041307
List the prime factors of 72828392.
2, 7, 13, 71, 1409
What are the prime factors of 4322379625?
5, 17, 2034061
What are the prime factors of 262208966?
2, 131104483
What are the prime factors of 1388792758?
2, 43, 751, 21503
What are the prime factors of 143104894?
2, 71552447
List the prime factors of 1190645494.
2, 41, 14520067
What are the prime factors of 36539924?
2, 67, 136343
List the prime factors of 515488593.
3, 171829531
List the prime factors of 128932612.
2, 109, 2713
List the prime factors of 11220816.
2, 3, 17, 13751
What are the prime factors of 82416028?
2, 29, 710483
What are the prime factors of 229560209?
59, 3890851
List the prime factors of 295425526.
2, 11, 173, 77621
List the prime factors of 2743714852.
2, 61, 11244733
List the prime factors of 1101178498.
2, 7, 23, 3419809
List the prime factors of 22865222.
2, 139, 233, 353
What are the prime factors of 17070277?
7, 283, 1231
List the prime factors of 3317054504.
2, 19, 21822727
What are the prime factors of 35020736?
2, 173, 3163
List the prime factors of 546809812.
2, 199, 686947
List the prime factors of 939133527.
3, 733, 427073
What are the prime factors of 310774581?
3, 13, 37, 71789
List the prime factors of 317228935.
5, 37, 1714751
List the prime factors of 130677064.
2, 7, 659, 3541
What are the prime factors of 473818509?
3, 17, 41, 75533
What are the prime factors of 1170866464?
2, 1021, 35837
What are the prime factors of 27977920?
2, 5, 17, 37, 139
List the prime factors of 248610295.
5, 17, 2924827
List the prime factors of 168114761.
877, 191693
List the prime factors of 1107779042.
2, 877, 631573
What are the prime factors of 54986641?
3229, 17029
List the prime factors of 27118339.
19, 1427281
What are the prime factors of 10511088?
2, 3, 7, 41, 109
What are the prime factors of 19361929?
17, 23, 2153
List the prime factors of 214117325.
5, 2351, 3643
List the prime factors of 121209055.
5, 11, 2203801
What are the prime factors of 8377723?
29, 307, 941
What are the prime factors of 49267160?
2, 5, 139, 8861
L